**2 - 1454*m - 4365. Calculate q(-3).
-12
Let k(q) = -936*q - 17785. Determine k(-19).
-1
Let i(y) = 4*y + 456. Give i(-36).
312
Let o(d) = -d**3 - 50*d**2 - 139*d - 43. Determine o(-47).
-137
Let g(s) = -2*s**3 - 20*s**2 - 44*s + 15. Calculate g(-4).
-1
Let z(s) = s**3 + 60*s**2 - 2368*s + 507. Calculate z(27).
-6
Let g(k) = k**3 - 119*k**2 + 3426*k + 193. Determine g(49).
-3
Let w(x) = -3*x - 420. What is w(-25)?
-345
Let k(d) = d**3 - 23*d**2 + 92*d - 7. What is k(5)?
3
Let n(a) = a**3 - 16*a**2 + 14*a - 295. Give n(16).
-71
Let k(b) = -351*b - 351. Give k(-1).
0
Let b(p) = -6*p**2 - 35*p - 134. Give b(-4).
-90
Let l(o) = 7*o**2 - 357*o - 3288. Give l(-8).
16
Let o(h) = h**3 - 14*h**2 + 75*h - 52. What is o(14)?
998
Let i(q) = 17*q - 193. What is i(12)?
11
Let b(z) = -183*z - 171. What is b(-4)?
561
Let v(n) = n**3 + 42*n**2 + 84*n + 167. Calculate v(-40).
7
Let d(l) = -l**2 - 30*l - 104. Give d(-31).
-135
Let b(r) = 431*r - 2284. Give b(5).
-129
Let h(j) = -9*j + 14. Determine h(-13).
131
Let o(n) = -12*n**2 + 1990*n - 1991. Calculate o(1).
-13
Let x(o) = 2*o**3 + 2*o**2 - 15*o + 1. Determine x(0).
1
Let x(b) = 2*b**3 + 26*b**2 + 380*b + 4940. Calculate x(-13).
0
Let b(k) = -5*k**2 + 2*k + 7. Calculate b(4).
-65
Let k(a) = -109*a + 1073. What is k(8)?
201
Let k(t) = -25*t + 1006. Calculate k(41).
-19
Let t(n) = 255*n - 7404. Determine t(29).
-9
Let g(a) = -a**3 - 34*a**2 - 5*a - 274. Calculate g(-34).
-104
Let q(k) = -k**3 - 17*k**2 - 75*k - 14. Give q(-8).
10
Let f(m) = 7*m**3 - 38*m**2 + 5*m - 3. Determine f(6).
171
Let y(n) = 54*n**2 + 3. What is y(0)?
3
Let q(h) = 64*h - 3382. Calculate q(53).
10
Let m(n) = 2*n**2 + 206*n + 4242. Calculate m(-74).
-50
Let a(x) = -2*x**2 + 59*x - 298. Give a(24).
-34
Let a(o) = -3*o**3 - 199*o**2 + 145*o + 714. Determine a(-67).
-23
Let k(d) = -2*d**2 + 362*d - 2434. What is k(7)?
2
Let m(o) = 4*o - 5. What is m(4)?
11
Let b(v) = -v**3 - 89*v**2 - 81*v + 543. Give b(-88).
-73
Let t(z) = -15*z**3 - 3*z**2 + 5*z + 2. Give t(-3).
365
Let n(l) = -3*l**3 - 4*l**2 + 25*l + 29. What is n(-3)?
-1
Let b(c) = -2*c**3 - 28*c**2 - 6*c + 5. What is b(0)?
5
Let x(s) = 5*s + 182. Give x(-17).
97
Let f(p) = p**2 + 18*p + 76. What is f(-8)?
-4
Let t(y) = -14*y**2 + 53*y - 4. Calculate t(4).
-16
Let x(y) = -y - 12. Determine x(35).
-47
Let t(f) = 3*f**3 + 551*f**2 + 369*f + 530. Calculate t(-183).
-19
Let r(w) = 14*w - 409. Calculate r(27).
-31
Let c(h) = -h**2 - 150*h - 1930. What is c(-14)?
-26
Let y(v) = -7*v**2 - 7*v + 8. Give y(5).
-202
Let m(i) = -149*i + 10367. Determine m(69).
86
Let r(w) = -106*w + 1166. Give r(11).
0
Let n(v) = v**3 + 2*v**2 - 57*v + 8. Determine n(0).
8
Let x(w) = -195*w + 579. What is x(3)?
-6
Let p(d) = 6*d**3 + 12*d**2 - 24. Give p(4).
552
Let d(a) = 16*a**2 + 771*a + 2309. What is d(-45)?
14
Let l(o) = o**2 - 46*o + 595. Give l(28).
91
Let x(g) = -g**3 - 30*g**2 + 33*g + 96. Give x(-31).
34
Let y(g) = 3*g + 5. Give y(-6).
-13
Let q(u) = 13*u - 14. What is q(13)?
155
Let f(r) = -r**2 + 2548*r - 15264. Calculate f(6).
-12
Let c(x) = x**3 + 23*x**2 + 24*x + 13. Give c(-22).
-31
Let n(w) = -36*w + 180. Determine n(5).
0
Let n(l) = l + 292. Determine n(12).
304
Let c(d) = 3*d**2 + 27*d - 8. Give c(-11).
58
Let j(q) = q**3 - 4*q**2 - 8. What is j(0)?
-8
Let x(i) = i**2 + 36*i + 248. Calculate x(-26).
-12
Let h(r) = 369*r + 7011. What is h(-19)?
0
Let f(s) = -78*s - 737. What is f(-9)?
-35
Let r(f) = -1029*f - 11081. Give r(-11).
238
Let k(v) = -1487*v + 1. Determine k(0).
1
Let f(y) = -3*y**3 + 34*y**2 + 179*y - 1522. Calculate f(13).
-40
Let q(o) = -o**3 + 51*o**2 + 53*o - 41. Give q(52).
11
Let o(m) = m**2 - 47*m + 393. Give o(10).
23
Let o(y) = 53*y - 1061. Calculate o(7).
-690
Let s(m) = -166*m + 1489. What is s(9)?
-5
Let w(i) = -16*i**2 + 290*i - 35. Give w(18).
1
Let z(l) = -l**3 - 69*l**2 - 372*l + 207. Give z(-63).
-171
Let h(d) = 21*d**2 - 303*d + 26. What is h(14)?
-100
Let q(t) = 2*t**3 + 5*t**2 + 18*t + 47. What is q(-3)?
-16
Let j(y) = 51725*y + 258628. Calculate j(-5).
3
Let q(v) = 274*v + 3035. Determine q(-11).
21
Let j(g) = -g**3 + 10*g**2 + 22*g + 19. What is j(10)?
239
Let i(n) = -2*n**2 - 484*n + 16343. Determine i(30).
23
Let l(b) = -202*b - 18. Determine l(0).
-18
Let m(r) = -4*r**2 + 20*r - 51. Give m(5).
-51
Let l(m) = m**3 + 2*m**2 + 14*m + 8. What is l(-5)?
-137
Let f(n) = -n**3 - 14*n**2 + 54*n + 42. Give f(-17).
-9
Let r(u) = u**2 - 12*u - 283. Determine r(-12).
5
Let a(t) = 2*t**3 - 3*t**2 - 4*t + 6. Determine a(6).
306
Let r(x) = x**3 - 12*x**2 + 6*x + 7. Calculate r(10).
-133
Let h(c) = -4*c**3 - 108*c**2 - c - 41. What is h(-27)?
-14
Let o(h) = -1376*h + 12399. Determine o(9).
15
Let l(g) = g**2 - 112*g + 2170. What is l(23)?
123
Let m(v) = 38*v**2 - 164*v + 37. Determine m(4).
-11
Let i(k) = -22*k**2 + 7*k + 3. Calculate i(1).
-12
Let a(k) = 189*k - 5092. What is a(27)?
11
Let x(v) = 4*v**3 - 7*v**2 - 19*v + 11. Calculate x(3).
-1
Let a(s) = -533*s - 2. Calculate a(0).
-2
Let l(f) = -f**3 + 16*f**2 - 12*f - 66. Determine l(15).
-21
Let k(o) = -6201*o - 43404. Determine k(-7).
3
Let t(h) = -2*h**2 - 34*h - 115. Determine t(-4).
-11
Let c(n) = -42*n**2 + 266*n - 74. What is c(6)?
10
Let x(z) = 2*z + 5. Give x(-1).
3
Let c(x) = x**3 + 66*x**2 + 2*x + 126. Calculate c(-66).
-6
Let o(a) = -a**3 + 55*a**2 - 199*a - 40. What is o(51)?
215
Let d(f) = f**3 - 48*f**2 - 44*f - 242. Calculate d(49).
3
Let u(w) = 2*w**2 + 236*w + 1164. What is u(-5)?
34
Let t(w) = -2*w**3 + 75*w**2 - 184*w + 81. Calculate t(35).
-234
Let w(p) = p**2 + 4*p - 33. Calculate w(-8).
-1
Let h(l) = -32*l - 42. Give h(-4).
86
Let z(d) = -2*d**3 - 357*d**2 + 1275*d + 167. Determine z(-182).
-15
Let i(o) = -47*o - 36. Calculate i(5).
-271
Let g(b) = 974*b - 9753. Calculate g(10).
-13
Let b(h) = -7*h - 70. What is b(8)?
-126
Let i(l) = 6*l**2 - 114*l - 15. Calculate i(19).
-15
Let z(n) = -n + 626. Determine z(37).
589
Let r(v) = -v**2 - 643*v + 1949. Calculate r(3).
11
Let q(g) = -151*g - 16. Calculate q(0).
-16
Let h(x) = -2*x**2 + 25*x + 66. What is h(15)?
-9
Let s(y) = -y**3 - 48*y**2 - 119*y - 1252. Calculate s(-46).
-10
Let r(w) = 12*w**3 + 526*w**2 - 92*w - 174. What is r(-44)?
2
Let v(d) = 10*d**3 - 6*d**2 + d + 8. Give v(2).
66
Let d(q) = -27*q + 506. Determine d(17).
47
Let t(v) = -4970*v - 4962. Give t(-1).
8
Let b(u) = 1247*u - 7465. Give b(6).
17
Let x(y) = 309*y + 5787. Determine x(-19).
-84
Let x(q) = -q**3 - 5*q**2 + 721*q + 2891. Determine x(-4).
-9
Let t(p) = p**3 - 58*p**2 + 582*p + 93. Determine t(45).
-42
Let f(r) = -2*r**2 + 13*r + 90. Give f(-8).
-142
Let y(l) = -5*l**3 - 106*l**2 - 16*l + 95. Determine y(-21).
-10
Let n(z) = z**3 - 15*z**2 + 23*z - 69. Give n(10).
-339
Let b(d) = -8*d**3 - 2*d**2 + 65*d - 64. Determine b(1).
-9
Let h(z) = 4*z**3 + 670*z**2 - 360*z - 4022. What is h(-168)?
10
Let m(v) = 101*v + 133. Calculate m(-7).
-574
Let u(k) = 433*k - 41569. Give u(96).
-1
Let h(a) = a**2 + 15*a + 6. Give h(-5).
-44
Let y(r) = 138*r - 7602. Calculate y(55).
-12
Let m(h) = -84*h + 491. Calculate m(6).
-13
Let h(l) = -3*l**3 + 5*l**2 + 8*l - 18. Determine h(6).
-438
Let p(d) = -8704*d - 60924. What is p(-7)?
4
Let i(w) = 10985*w + 4. Determine i(0).
4
Let v(k) = 150*k + 12871. Determine v(-86).
-29
Let u(q) = 236*q + 14638. Determine u(-62).
6
Let l(g) = g**3 + 9*g**2 - 14*g - 58. Calculate l(-8).
118
Let f(v) = -2*v**3 + 36*v**2 - 69*v + 84. What is f(16)?
4
Let h(r) = -r**3 + 11*r**2 + 176*r - 28. What is h(-9)?
8
Let a(l) = 25*l - 447. What is a(18)?
3
Let q(g) = g**3 + 48*g**2 + 49*g - 2. Give q(-47).
-96
Let u(v) = -v**3 + 3*v**2 - 24*v + 76. Calculate u(3).
4
Let t(y) = y**3 - 81*y**2 + 83*y - 332. Calculate t(80).
-92
Let a(k) = -492*k - 408. What is a(-2)?
576
Let o(h) = h**3 - 111*h**2 - 704*h + 268. Determine o(117).
34
Let u(i) = 88*i - 3719. Determine u(41).
-111
Let z(q) = -q**3 + 4*q**2 - 923*q + 4583. What is z(5)?
-57
Let p(j) = 3*j**3 + 35*j**2 - 15*j + 7. Determine p(-12).
43
Let z(g) = -3*g**2 + 9*g - 16. What is z(2)?
-10
Let t(h) = 52*h**3 - 2*h**2 + 12*h - 27. Give t(2).
405
Let o(g) = 581*g - 99935. What is o(172)?
-3
Let m(f) = -94*f - 923. What is m(-9)?
-77
Let y(s) = -135*s + 3071. Determine y(24).
-169
Let m(v) = -2*v**2 - 219*v + 1140. Calculat